42?
1
What is the ten thousands digit of 369295?
6
What is the tens digit of 8701341?
4
What is the ten thousands digit of 138479?
3
What is the ten thousands digit of 85477?
8
What is the tens digit of 1285829?
2
What is the hundreds digit of 1255368?
3
What is the thousands digit of 8466667?
6
What is the hundreds digit of 8225907?
9
What is the thousands digit of 21397834?
7
What is the tens digit of 457920?
2
What is the ten millions digit of 32807954?
3
What is the hundreds digit of 2761600?
6
What is the millions digit of 19772826?
9
What is the hundreds digit of 2442290?
2
What is the units digit of 107951?
1
What is the thousands digit of 8736290?
6
What is the thousands digit of 2596817?
6
What is the hundreds digit of 676057?
0
What is the millions digit of 3656695?
3
What is the tens digit of 1097349?
4
What is the units digit of 13284611?
1
What is the thousands digit of 2818303?
8
What is the tens digit of 41124?
2
What is the millions digit of 1020671?
1
What is the hundreds digit of 1121198?
1
What is the tens digit of 5508984?
8
What is the millions digit of 21503611?
1
What is the hundred thousands digit of 111441?
1
What is the hundred thousands digit of 14386779?
3
What is the units digit of 113667?
7
What is the ten thousands digit of 956184?
5
What is the millions digit of 25392468?
5
What is the tens digit of 290698?
9
What is the ten thousands digit of 19756004?
5
What is the millions digit of 1058540?
1
What is the hundreds digit of 850098?
0
What is the units digit of 2592229?
9
What is the tens digit of 270884?
8
What is the thousands digit of 1842?
1
What is the thousands digit of 9750294?
0
What is the millions digit of 6741986?
6
What is the tens digit of 8930387?
8
What is the hundreds digit of 282356?
3
What is the tens digit of 7555766?
6
What is the units digit of 12151830?
0
What is the thousands digit of 17656708?
6
What is the tens digit of 1486025?
2
What is the ten thousands digit of 40279116?
7
What is the units digit of 425912?
2
What is the ten thousands digit of 3790040?
9
What is the tens digit of 195311?
1
What is the units digit of 7170441?
1
What is the ten thousands digit of 289511?
8
What is the thousands digit of 74929?
4
What is the hundreds digit of 13267150?
1
What is the tens digit of 11085430?
3
What is the hundred thousands digit of 14130815?
1
What is the hundred thousands digit of 248784?
2
What is the tens digit of 8502224?
2
What is the ten thousands digit of 2248552?
4
What is the ten thousands digit of 510004?
1
What is the hundreds digit of 360676?
6
What is the units digit of 3108876?
6
What is the ten thousands digit of 25100952?
0
What is the hundreds digit of 501820?
8
What is the units digit of 504058?
8
What is the ten thousands digit of 289534?
8
What is the thousands digit of 3731635?
1
What is the thousands digit of 598422?
8
What is the tens digit of 18475022?
2
What is the tens digit of 15971054?
5
What is the hundred thousands digit of 4788923?
7
What is the hundred thousands digit of 1043070?
0
What is the thousands digit of 1088280?
8
What is the ten thousands digit of 72237?
7
What is the tens digit of 17507823?
2
What is the tens digit of 17659533?
3
What is the ten thousands digit of 2859266?
5
What is the tens digit of 493947?
4
What is the tens digit of 2765307?
0
What is the hundred thousands digit of 176703?
1
What is the ten thousands digit of 534726?
3
What is the millions digit of 15081353?
5
What is the hundreds digit of 22352?
3
What is the units digit of 4522062?
2
What is the hundred thousands digit of 2568337?
5
What is the units digit of 1010046?
6
What is the millions digit of 10516528?
0
What is the hundreds digit of 229857?
8
What is the ten thousands digit of 391957?
9
What is the thousands digit of 954882?
4
What is the ten thousands digit of 693857?
9
What is the tens digit of 1028014?
1
What is the ten millions digit of 19548864?
1
What is the units digit of 145437?
7
What is the hundred thousands digit of 5526380?
5
What is the hundreds digit of 1383976?
9
What is the hundred thousands digit of 9869254?
8
What is the hundreds digit of 1007586?
5
What is the tens digit of 734476?
7
What is the millions digit of 24350769?
4
What is the thousands digit of 274972?
4
What is the thousands digit of 16296743?
6
What is the ten thousands digit of 76942?
7
What is the tens digit of 1380207?
0
What is the thousands digit of 276548?
6
What is the thousands digit of 203583?
3
What is the ten thousands digit of 2406376?
0
What is the units digit of 323906?
6
What is the thousands digit of 609656?
9
What is the hundreds digit of 7072918?
9
What is the thousands digit of 367450?
7
What is the thousands digit of 28790?
8
What is the tens digit of 249750?
5
What is the hundred thousands digit of 3222687?
2
What is the tens digit of 6372675?
7
What is the thousands digit of 11813?
1
What is the units digit of 208901?
1
What is the thousands digit of 1555647?
5
What is the ten thousands digit of 138729?
3
What is the thousands digit of 23599?
3
What is the units digit of 241391?
1
What is the hundreds digit of 1800040?
0
What is the hundred thousands digit of 17368422?
3
What is the hundreds digit of 321041?
0
What is the millions digit of 1373434?
1
What is the hundred thousands digit of 180629?
1
What is the thousands digit of 754266?
4
What is the thousands digit of 232234?
2
What is the thousands digit of 5168879?
8
What is the hundreds digit of 1798508?
5
What is the hundred thousands digit of 117000?
1
What is the ten thousands digit of 5983222?
8
What is the thousands digit of 369597?
9
What is the units digit of 571059?
9
What is the tens digit of 7289856?
5
What is the tens digit of 49956?
5
What is the units digit of 845118?
8
What is the hundreds digit of 2164870?
8
What is the hundred thousands digit of 3449336?
4
What is the hundred thousands digit of 219410?
2
What is the hundred thousands digit of 258006?
2
What is the units digit of 38979?
9
What is the tens digit of 200579?
7
What is the units digit of 641544?
4
What is the millions digit of 18338187?
8
What is the hundred thousands digit of 1254984?
2
What is the ten thousands digit of 12273811?
7
What is the thousands digit of 98027?
8
What is the ten millions digit of 16980768?
1
What is the millions digit of 4084057?
4
What is the ten millions digit of 10537470?
1
What is the units digit of 16524233?
3
What is the units digit of 13781858?
8
What is the thousands digit of 8582225?
2
What is the millions digit of 1108715?
1
What is the ten thousands digit of 1640208?
4
What is the ten thousands digit of 19730994?
3
What is the units digit of 11991709?
9
What is the millions digit of 15522876?
5
What is the thousands digit of 15600052?
0
What is the ten thousands digit of 2187092?
8
What is the ten thousands digit of 41004?
4
What is the units digit of 219708?
8
What is the hundreds digit of 458577?
5
What is the ten thousands digit of 848976?
4
What is the hundred thousands digit of 2700909?
7
What is the tens digit of 993683?
8
What is the hundred thousands digit of 207767?
2
What is the thousands digit of 2713762?
3
What is the units digit of 7841683?
3
What is the hundreds digit of 13186231?
2
What is the thousands digit of 562785?
2
What is the hundreds digit of 3162734?
7
What is the thousands digit of 225333?
5
What is the hundreds digit of 325631?
6
What is the ten thousands digit of 164404?
6
What is the millions digit of 14683320?
4
What is the ten thousands digit of 32539?
3
What is the tens digit of 106951?
5
What is the hundred thousands digit of 466048?
4
What is the units digit of 25321536?
6
What is the thousands digit of 383420?
3
What is the thousands digit of 2915703?
5
What is the tens digit of 575633?
3
What is the units digit of 4079751?
1
What is the hundred thousands digit of 1145268?
1
What is the thousands digit of 2731398?
1
What is the units digit of 5185743?
3
What is the thousands digit of 5170253?
0
What is the tens digit of 3411834?
3
What is the tens digit of 540455?
5
What is the thousands digit of 16024391?
4
What is the tens digit of 6113782?
8
What is the units digit of 81402?
2
What is the units digit of 823114?
4
What is the hundred thousands digit of 3